
What is the millions digit of 10393230?
0
What is the hundreds digit of 8017829?
8
What is the units digit of 168672?
2
What is the ten thousands digit of 10810?
1
What is the millions digit of 2532117?
2
What is the units digit of 5036875?
5
What is the hundreds digit of 1352?
3
What is the ten thousands digit of 87441?
8
What is the ten thousands digit of 417737?
1
What is the thousands digit of 196364?
6
What is the tens digit of 122453?
5
What is the hundred thousands digit of 8255331?
2
What is the ten thousands digit of 7418368?
1
What is the thousands digit of 90889?
0
What is the millions digit of 1146417?
1
What is the ten thousands digit of 2733925?
3
What is the tens digit of 23591953?
5
What is the units digit of 161947?
7
What is the thousands digit of 1259543?
9
What is the hundred thousands digit of 242158?
2
What is the ten thousands digit of 79763?
7
What is the hundred thousands digit of 154135?
1
What is the thousands digit of 3041948?
1
What is the tens digit of 383664?
6
What is the thousands digit of 6624876?
4
What is the hundred thousands digit of 290315?
2
What is the millions digit of 30814516?
0
What is the thousands digit of 298230?
8
What is the hundreds digit of 211514?
5
What is the ten thousands digit of 1483388?
8
What is the tens digit of 100424?
2
What is the tens digit of 13825039?
3
What is the thousands digit of 2060225?
0
What is the hundreds digit of 624166?
1
What is the thousands digit of 361962?
1
What is the units digit of 9859262?
2
What is the ten thousands digit of 955052?
5
What is the units digit of 1452025?
5
What is the ten thousands digit of 3341673?
4
What is the hundreds digit of 126674?
6
What is the thousands digit of 2992796?
2
What is the hundreds digit of 1020751?
7
What is the units digit of 4783390?
0
What is the ten thousands digit of 8771457?
7
What is the hundred thousands digit of 451619?
4
What is the tens digit of 193604?
0
What is the hundreds digit of 253924?
9
What is the millions digit of 1965291?
1
What is the hundred thousands digit of 3141536?
1
What is the units digit of 159486?
6
What is the tens digit of 222235?
3
What is the ten thousands digit of 218603?
1
What is the thousands digit of 15457108?
7
What is the hundreds digit of 2167790?
7
What is the ten millions digit of 12071438?
1
What is the thousands digit of 6183348?
3
What is the hundreds digit of 656644?
6
What is the thousands digit of 8244386?
4
What is the tens digit of 16177?
7
What is the ten millions digit of 16542221?
1
What is the ten thousands digit of 319644?
1
What is the units digit of 628336?
6
What is the ten thousands digit of 2507360?
0
What is the thousands digit of 92854?
2
What is the thousands digit of 3211023?
1
What is the tens digit of 396894?
9
What is the tens digit of 586664?
6
What is the ten thousands digit of 54466?
5
What is the hundreds digit of 6971421?
4
What is the units digit of 10275?
5
What is the tens digit of 16914533?
3
What is the thousands digit of 11110242?
0
What is the thousands digit of 266768?
6
What is the ten millions digit of 11240212?
1
What is the tens digit of 1889047?
4
What is the hundreds digit of 19434?
4
What is the ten thousands digit of 1809521?
0
What is the thousands digit of 722334?
2
What is the hundreds digit of 81655?
6
What is the thousands digit of 494112?
4
What is the thousands digit of 457780?
7
What is the tens digit of 7038546?
4
What is the hundred thousands digit of 5439173?
4
What is the hundreds digit of 411077?
0
What is the units digit of 5545139?
9
What is the units digit of 907609?
9
What is the thousands digit of 439975?
9
What is the ten thousands digit of 11347666?
4
What is the ten thousands digit of 913967?
1
What is the hundred thousands digit of 236261?
2
What is the ten thousands digit of 2570441?
7
What is the hundreds digit of 6860977?
9
What is the units digit of 185802?
2
What is the millions digit of 3121611?
3
What is the hundreds digit of 2349939?
9
What is the tens digit of 97093?
9
What is the tens digit of 482697?
9
What is the thousands digit of 2459542?
9
What is the ten thousands digit of 82740?
8
What is the units digit of 189041?
1
What is the thousands digit of 79822?
9
What is the ten thousands digit of 471163?
7
What is the ten millions digit of 12054815?
1
What is the tens digit of 283243?
4
What is the millions digit of 4363486?
4
What is the ten thousands digit of 9887203?
8
What is the hundreds digit of 20892245?
2
What is the millions digit of 4957790?
4
What is the millions digit of 14784539?
4
What is the hundreds digit of 513890?
8
What is the tens digit of 305639?
3
What is the tens digit of 311484?
8
What is the units digit of 545566?
6
What is the hundred thousands digit of 255643?
2
What is the tens digit of 10664732?
3
What is the thousands digit of 4365578?
5
What is the tens digit of 5723403?
0
What is the tens digit of 4907037?
3
What is the hundreds digit of 12224740?
7
What is the hundred thousands digit of 124662?
1
What is the thousands digit of 2147932?
7
What is the millions digit of 1125565?
1
What is the millions digit of 29199268?
9
What is the thousands digit of 829857?
9
What is the hundred thousands digit of 5744648?
7
What is the hundred thousands digit of 1260145?
2
What is the units digit of 16729713?
3
What is the units digit of 322103?
3
What is the tens digit of 7623089?
8
What is the hundreds digit of 2974856?
8
What is the tens digit of 8259993?
9
What is the thousands digit of 129364?
9
What is the units digit of 348918?
8
What is the thousands digit of 1943074?
3
What is the hundred thousands digit of 2409550?
4
What is the tens digit of 137050?
5
What is the thousands digit of 3584150?
4
What is the millions digit of 7148455?
7
What is the tens digit of 1650333?
3
What is the ten thousands digit of 19567?
1
What is the units digit of 112315?
5
What is the tens digit of 5759342?
4
What is the thousands digit of 3082434?
2
What is the units digit of 11689071?
1
What is the units digit of 1739637?
7
What is the ten thousands digit of 5214691?
1
What is the ten thousands digit of 619454?
1
What is the ten thousands digit of 131198?
3
What is the hundred thousands digit of 31140660?
1
What is the thousands digit of 603074?
3
What is the units digit of 440465?
5
What is the thousands digit of 117517?
7
What is the hundreds digit of 16347192?
1
What is the units digit of 2918785?
5
What is the thousands digit of 1319420?
9
What is the hundred thousands digit of 670238?
6
What is the hundred thousands digit of 1463339?
4
What is the ten thousands digit of 4560389?
6
What is the hundreds digit of 22506444?
4
What is the ten thousands digit of 3054006?
5
What is the hundreds digit of 7481288?
2
What is the tens digit of 273132?
3
What is the hundreds digit of 384933?
9
What is the hundreds digit of 499328?
3
What is the hundred thousands digit of 16339584?
3
What is the tens digit of 609668?
6
What is the tens digit of 202249?
4
What is the ten thousands digit of 8695921?
9
What is the tens digit of 21791?
9
What is the hundreds digit of 993813?
8
What is the ten thousands digit of 8376560?
7
What is the hundreds digit of 1774816?
8
What is the millions digit of 35552186?
5
What is the ten millions digit of 19932073?
1
What is the tens digit of 228613?
1
What is the hundreds digit of 1780278?
2
What is the units digit of 19370491?
1
What is the hundreds digit of 2434102?
1
What is the millions digit of 31957699?
1
What is the tens digit of 660482?
8
What is the millions digit of 1811420?
1
What is the units digit of 1731045?
5
What is the hundred thousands digit of 3680862?
6
What is the hundreds digit of 5213821?
8
What is the units digit of 265199?
9
What is the ten thousands digit of 1248138?
4
What is the tens digit of 172242?
4
What is the units digit of 20725640?
0
What is the tens digit of 23473?
7
What is the ten thousands digit of 409135?
0
What is the hundreds digit of 5155115?
1
What is the hundred thousands digit of 753239?
7
What is the ten thousands digit of 1336493?
3
What is the units digit of 1868819?
9
What is the hundred thousands digit of 3988748?
9
What is the hundreds digit of 166071?
0
What is the thousands digit of 128075?
8
What is the thousand